{"id":2145,"date":"2020-10-14T22:22:43","date_gmt":"2020-10-14T20:22:43","guid":{"rendered":"https:\/\/shop.museum-mb.si\/?page_id=2145"},"modified":"2020-10-16T17:53:15","modified_gmt":"2020-10-16T15:53:15","slug":"izjava-o-dostopnosti","status":"publish","type":"page","link":"https:\/\/shop.museum-mb.si\/en\/izjava-o-dostopnosti\/","title":{"rendered":"Accessibility statement"},"content":{"rendered":"\t\t<div data-elementor-type=\"wp-page\" data-elementor-id=\"2145\" class=\"elementor elementor-2145\" data-elementor-post-type=\"page\">\n\t\t\t\t\t\t<section class=\"elementor-section elementor-top-section elementor-element elementor-element-3e4e8c0 elementor-section-boxed elementor-section-height-default elementor-section-height-default\" data-id=\"3e4e8c0\" data-element_type=\"section\" data-settings=\"{&quot;jet_parallax_layout_list&quot;:[{&quot;jet_parallax_layout_image&quot;:{&quot;url&quot;:&quot;&quot;,&quot;id&quot;:&quot;&quot;,&quot;size&quot;:&quot;&quot;},&quot;_id&quot;:&quot;9077dc3&quot;,&quot;jet_parallax_layout_image_tablet&quot;:{&quot;url&quot;:&quot;&quot;,&quot;id&quot;:&quot;&quot;,&quot;size&quot;:&quot;&quot;},&quot;jet_parallax_layout_image_mobile&quot;:{&quot;url&quot;:&quot;&quot;,&quot;id&quot;:&quot;&quot;,&quot;size&quot;:&quot;&quot;},&quot;jet_parallax_layout_speed&quot;:{&quot;unit&quot;:&quot;%&quot;,&quot;size&quot;:50,&quot;sizes&quot;:[]},&quot;jet_parallax_layout_type&quot;:&quot;scroll&quot;,&quot;jet_parallax_layout_direction&quot;:&quot;1&quot;,&quot;jet_parallax_layout_fx_direction&quot;:null,&quot;jet_parallax_layout_z_index&quot;:&quot;&quot;,&quot;jet_parallax_layout_bg_x&quot;:50,&quot;jet_parallax_layout_bg_x_tablet&quot;:&quot;&quot;,&quot;jet_parallax_layout_bg_x_mobile&quot;:&quot;&quot;,&quot;jet_parallax_layout_bg_y&quot;:50,&quot;jet_parallax_layout_bg_y_tablet&quot;:&quot;&quot;,&quot;jet_parallax_layout_bg_y_mobile&quot;:&quot;&quot;,&quot;jet_parallax_layout_bg_size&quot;:&quot;auto&quot;,&quot;jet_parallax_layout_bg_size_tablet&quot;:&quot;&quot;,&quot;jet_parallax_layout_bg_size_mobile&quot;:&quot;&quot;,&quot;jet_parallax_layout_animation_prop&quot;:&quot;transform&quot;,&quot;jet_parallax_layout_on&quot;:[&quot;desktop&quot;,&quot;tablet&quot;]}]}\">\n\t\t\t\t\t\t<div class=\"elementor-container elementor-column-gap-default\">\n\t\t\t\t\t<div class=\"elementor-column elementor-col-100 elementor-top-column elementor-element elementor-element-02bf675\" data-id=\"02bf675\" data-element_type=\"column\">\n\t\t\t<div class=\"elementor-widget-wrap elementor-element-populated\">\n\t\t\t\t\t\t<div class=\"elementor-element elementor-element-e09ac2e elementor-widget elementor-widget-heading\" data-id=\"e09ac2e\" data-element_type=\"widget\" data-widget_type=\"heading.default\">\n\t\t\t\t<div class=\"elementor-widget-container\">\n\t\t\t\t\t<h2 class=\"elementor-heading-title elementor-size-default\">Izjava o dostopnosti\n<\/h2>\t\t\t\t<\/div>\n\t\t\t\t<\/div>\n\t\t\t\t<div class=\"elementor-element elementor-element-e8e80da elementor-widget elementor-widget-text-editor\" data-id=\"e8e80da\" data-element_type=\"widget\" data-widget_type=\"text-editor.default\">\n\t\t\t\t<div class=\"elementor-widget-container\">\n\t\t\t\t\t\t\t\t\t<p><b>Izjava o dostopnosti<\/b><\/p><ol><li style=\"font-weight: 400;\"><span style=\"font-weight: 400;\">Podajamo izjavo Pokrajinskega muzeja Maribor o dostopnosti za uporabo \u010dim \u0161ir\u0161emu krogu ranljivih skupin, ki obi\u0161\u010dete spletna mesta projektov.<\/span><\/li><\/ol><p><span style=\"font-weight: 400;\">Pokrajinski muzej Maribor se zavezuje omogo\u010dati dostopnost za svoje spletne strani v skladu z Zakonom o dostopnosti spleti\u0161\u010d in mobilnih aplikacij in Direktivo EU 2016\/2102 Evropskega parlamenta in Sveta.\u00a0<\/span><\/p><p><span style=\"font-weight: 400;\">Pri izdelavi spletnih mest bomo pri izdelavi sledili smernicam WCAG 2.0.<\/span><\/p><p><span style=\"font-weight: 400;\">Slednje predstavljajo skupek smernic in standardov, katerih osnovni namen je vi\u0161ja dostopnost vsebin objavljenih na spletu za ranljive skupine.\u00a0<\/span><\/p><p><span style=\"font-weight: 400;\">Ta izjava o dostopnosti se nana\u0161a na spletni mesti\u00a0<\/span><span style=\"color: var( --e-global-color-text );\">http:\/\/shop.museum-mb.si in\u00a0<\/span>https:\/\/museum-mb.si\/<\/p><p><span style=\"font-weight: 400;\">Spletna mesta Pokrajinskega muzeja Maribor so v najve\u010dji mo\u017eni meri skladna z Zakonom o dostopnosti spleti\u0161\u010d in mobilnih aplikacij.\u00a0<\/span><\/p><ol><li style=\"font-weight: 400;\"><span style=\"font-weight: 400;\">Spletna mesta\u00a0 projektov vam omogo\u010dajo:\u00a0<\/span><\/li><\/ol><ul><li style=\"font-weight: 400;\"><span style=\"font-weight: 400;\">izbiro velikosti vseh pisav na strani s pomo\u010djo ukaza v brkljalniku (Ctrl in znak plus),\u00a0<\/span><\/li><li style=\"font-weight: 400;\"><span style=\"font-weight: 400;\">ve\u010dina slikovnega materiala je opremljena z alternativnimi opisi<\/span><\/li><li style=\"font-weight: 400;\"><span style=\"font-weight: 400;\">spletne povezave so ve\u010dinoma opisne.<\/span><\/li><\/ul><ol><li style=\"font-weight: 400;\"><span style=\"font-weight: 400;\">Spodaj navedena vsebina ni dostopna zaradi nesorazmernega bremena:\u00a0<\/span><\/li><\/ol><p><span style=\"font-weight: 400;\">V prihodnje bomo ob uvajanju novih spletnih strani skrbeli, da bomo te v \u010dim ve\u010dji meri prilagajali tudi ranljivim skupinam in zagotovili\u00a0 uporabo razli\u010dnih pisav za ta namen v okviru tehni\u010dnih mo\u017enosti in sorazmernosti bremena.<\/span><\/p><p><span style=\"font-weight: 400;\">Gradiva, objavljena kot priponke, smo ve\u010dinoma sku\u0161ali prilagoditi ranljivim skupinam. Prostorsko in projektno dokumentacijo, namenjeno \u0161ir\u0161i javnosti, je v najve\u010dji meri objavljena v besedilni obliki in preverjena z orodji za dostopnost.\u00a0<\/span><\/p><p><span style=\"font-weight: 400;\">Ponekod manjkajo alternativna besedila k slikam in situacijam ter logotipom, slike pa so ve\u010dinoma obrazlo\u017eene v\u00a0 \u0161ir\u0161em besedilu. Logotipi projektov \u0161e niso opremljeni z zaznamkom.<\/span><\/p><p><span style=\"font-weight: 400;\">V bodo\u010de bomo pri izdelavi spletnih strani projektov zahtevali od zunanjih izvajalcev preveritev vseh vsebin z orodji za dostopnost.\u00a0<\/span><\/p><p><span style=\"font-weight: 400;\">Smo pa pri zagotavljanju koristi za uporabnike z razli\u010dnimi oblikami oviranosti omejeni s projektnim prora\u010dunom in vnaprej postavljenimi finan\u010dnimi razrezi, ki so se\u00a0 ve\u010dinoma \u010dasovno dolo\u010dili \u0161e pred sprejemom Zakona o dostopnosti spleti\u0161\u010d in mobilnih aplikacij.<\/span><\/p><p><span style=\"font-weight: 400;\">Prav tako bomo ocenili tehni\u010dne mo\u017enosti, stro\u0161ke in koristi prestavitve vse spletnih vsebin projektov\u00a0na\u00a0<\/span><span style=\"color: var( --e-global-color-text );\">http:\/\/shop.museum-mb.si in\u00a0<\/span>https:\/\/museum-mb.si\/<span style=\"font-weight: 400;\">\u00a0kot alternativen ukrep za izbolj\u0161anje dosegljivosti razli\u010dnim ranljivim skupinam.<\/span><\/p><ol><li style=\"font-weight: 400;\"><span style=\"font-weight: 400;\">Vse informacije, ki so dostopne na spletnih straneh shop.museum-mb.si in museum-mb.si\u00a0<\/span><\/li><\/ol><ul><li style=\"list-style-type: none;\"><ul><li style=\"font-weight: 400;\"><span style=\"font-weight: 400;\">na \u0161tevilki: +386 2 228 35 51\u00a0v \u010dasu uradnih ur,<\/span><\/li><li style=\"font-weight: 400;\"><span style=\"font-weight: 400;\">na elektronskem naslovu: shop@museum-mb.si,<\/span><\/li><li style=\"font-weight: 400;\"><span style=\"font-weight: 400;\">osebno na sede\u017eu Muzeja v \u010dasu uradnih ur, dodajamo povezavo na spletno stran:<\/span><\/li><\/ul><\/li><\/ul><p><span style=\"font-weight: 400;\">Va\u0161e klice bomo ustrezno preusmerili na pristojne osebe, na va\u0161e elektronske zapise se bomo odzvali v 8 delovnih dneh.<\/span><\/p><ol><li style=\"font-weight: 400;\"><span style=\"font-weight: 400;\">Ta izjava je bila pripravljena 14. oktobra 2020.\u00a0<\/span><\/li><\/ol><p><span style=\"font-weight: 400;\">Uporabljena je bila metoda iz prve alineje to\u010dke (a) \u010dlena 3(1) Izvedbenega sklepa\u00a0 Komisije (EU) 2018\/1523 \u2013 samoocena organa javnega sektorja.\u00a0<\/span><\/p><p><span style=\"font-weight: 400;\">Izjava je bila nazadnje pregledana\u00a0<\/span>14. oktobra 2020<span style=\"font-weight: 400;\">.\u00a0<\/span><\/p><ol><li style=\"font-weight: 400;\"><span style=\"font-weight: 400;\">V primeru nezadovoljivih odgovorov na katero koli obvestilo ali zahtevo, poslano v skladu z 8. \u010dlenom Zakona o dostopnosti spleti\u0161\u010d in mobilnih aplikacij, lahko oddate prijavo na Upravo Republike Slovenije za informacijsko varnost.\u00a0<\/span><\/li><\/ol><ol><li style=\"font-weight: 400;\"><span style=\"font-weight: 400;\">Izvr\u0161ilni organ za morebitne postopke je:<\/span><\/li><\/ol><p><span style=\"font-weight: 400;\">Ministrstvo za javno upravo<\/span><span style=\"font-weight: 400;\"><br \/><\/span><span style=\"font-weight: 400;\">Uprava Republike Slovenije za informacijsko varnost<\/span><span style=\"font-weight: 400;\"><br \/><\/span><span style=\"font-weight: 400;\">Tr\u017ea\u0161ka cesta 21<\/span><span style=\"font-weight: 400;\"><br \/><\/span><span style=\"font-weight: 400;\">1000 Ljubljana<\/span><span style=\"font-weight: 400;\"><br \/><\/span><span style=\"font-weight: 400;\">gp.uiv@gov.si<\/span><span style=\"font-weight: 400;\"><br \/><\/span><span style=\"font-weight: 400;\">www.uiv.gov.si<\/span><\/p>\t\t\t\t\t\t\t\t<\/div>\n\t\t\t\t<\/div>\n\t\t\t\t\t<\/div>\n\t\t<\/div>\n\t\t\t\t\t<\/div>\n\t\t<\/section>\n\t\t\t\t<\/div>\n\t\t","protected":false},"excerpt":{"rendered":"<p>Izjava o dostopnosti Izjava o dostopnosti Podajamo izjavo Pokrajinskega muzeja Maribor o dostopnosti za uporabo \u010dim \u0161ir\u0161emu krogu ranljivih skupin, ki obi\u0161\u010dete spletna mesta projektov. Pokrajinski muzej Maribor se zavezuje omogo\u010dati dostopnost za svoje spletne strani v skladu z Zakonom o dostopnosti spleti\u0161\u010d in mobilnih aplikacij in Direktivo EU 2016\/2102 Evropskega parlamenta in Sveta.\u00a0 Pri [&hellip;]<\/p>\n","protected":false},"author":15,"featured_media":0,"parent":0,"menu_order":0,"comment_status":"closed","ping_status":"closed","template":"","meta":{"footnotes":""},"class_list":["post-2145","page","type-page","status-publish","hentry","wpbf-post"],"_links":{"self":[{"href":"https:\/\/shop.museum-mb.si\/en\/wp-json\/wp\/v2\/pages\/2145","targetHints":{"allow":["GET"]}}],"collection":[{"href":"https:\/\/shop.museum-mb.si\/en\/wp-json\/wp\/v2\/pages"}],"about":[{"href":"https:\/\/shop.museum-mb.si\/en\/wp-json\/wp\/v2\/types\/page"}],"author":[{"embeddable":true,"href":"https:\/\/shop.museum-mb.si\/en\/wp-json\/wp\/v2\/users\/15"}],"replies":[{"embeddable":true,"href":"https:\/\/shop.museum-mb.si\/en\/wp-json\/wp\/v2\/comments?post=2145"}],"version-history":[{"count":9,"href":"https:\/\/shop.museum-mb.si\/en\/wp-json\/wp\/v2\/pages\/2145\/revisions"}],"predecessor-version":[{"id":2218,"href":"https:\/\/shop.museum-mb.si\/en\/wp-json\/wp\/v2\/pages\/2145\/revisions\/2218"}],"wp:attachment":[{"href":"https:\/\/shop.museum-mb.si\/en\/wp-json\/wp\/v2\/media?parent=2145"}],"curies":[{"name":"wp","href":"https:\/\/api.w.org\/{rel}","templated":true}]}}

<div data-elementor-type="wp-page" data-elementor-id="2145" class="elementor elementor-2145" data-elementor-post-type="page">
						<section class="elementor-section elementor-top-section elementor-element elementor-element-3e4e8c0 elementor-section-boxed elementor-section-height-default elementor-section-height-default" data-id="3e4e8c0" data-element_type="section" data-settings="{&quot;jet_parallax_layout_list&quot;:[{&quot;jet_parallax_layout_image&quot;:{&quot;url&quot;:&quot;&quot;,&quot;id&quot;:&quot;&quot;,&quot;size&quot;:&quot;&quot;},&quot;_id&quot;:&quot;9077dc3&quot;,&quot;jet_parallax_layout_image_tablet&quot;:{&quot;url&quot;:&quot;&quot;,&quot;id&quot;:&quot;&quot;,&quot;size&quot;:&quot;&quot;},&quot;jet_parallax_layout_image_mobile&quot;:{&quot;url&quot;:&quot;&quot;,&quot;id&quot;:&quot;&quot;,&quot;size&quot;:&quot;&quot;},&quot;jet_parallax_layout_speed&quot;:{&quot;unit&quot;:&quot;%&quot;,&quot;size&quot;:50,&quot;sizes&quot;:[]},&quot;jet_parallax_layout_type&quot;:&quot;scroll&quot;,&quot;jet_parallax_layout_direction&quot;:&quot;1&quot;,&quot;jet_parallax_layout_fx_direction&quot;:null,&quot;jet_parallax_layout_z_index&quot;:&quot;&quot;,&quot;jet_parallax_layout_bg_x&quot;:50,&quot;jet_parallax_layout_bg_x_tablet&quot;:&quot;&quot;,&quot;jet_parallax_layout_bg_x_mobile&quot;:&quot;&quot;,&quot;jet_parallax_layout_bg_y&quot;:50,&quot;jet_parallax_layout_bg_y_tablet&quot;:&quot;&quot;,&quot;jet_parallax_layout_bg_y_mobile&quot;:&quot;&quot;,&quot;jet_parallax_layout_bg_size&quot;:&quot;auto&quot;,&quot;jet_parallax_layout_bg_size_tablet&quot;:&quot;&quot;,&quot;jet_parallax_layout_bg_size_mobile&quot;:&quot;&quot;,&quot;jet_parallax_layout_animation_prop&quot;:&quot;transform&quot;,&quot;jet_parallax_layout_on&quot;:[&quot;desktop&quot;,&quot;tablet&quot;]}]}">
						<div class="elementor-container elementor-column-gap-default">
					<div class="elementor-column elementor-col-100 elementor-top-column elementor-element elementor-element-02bf675" data-id="02bf675" data-element_type="column">
			<div class="elementor-widget-wrap elementor-element-populated">
						<div class="elementor-element elementor-element-e09ac2e elementor-widget elementor-widget-heading" data-id="e09ac2e" data-element_type="widget" data-widget_type="heading.default">
				<div class="elementor-widget-container">
					<h2 class="elementor-heading-title elementor-size-default">Izjava o dostopnosti
</h2>				</div>
				</div>
				<div class="elementor-element elementor-element-e8e80da elementor-widget elementor-widget-text-editor" data-id="e8e80da" data-element_type="widget" data-widget_type="text-editor.default">
				<div class="elementor-widget-container">
									<p><b>Izjava o dostopnosti</b></p><ol><li style="font-weight: 400;"><span style="font-weight: 400;">Podajamo izjavo Pokrajinskega muzeja Maribor o dostopnosti za uporabo čim širšemu krogu ranljivih skupin, ki obiščete spletna mesta projektov.</span></li></ol><p><span style="font-weight: 400;">Pokrajinski muzej Maribor se zavezuje omogočati dostopnost za svoje spletne strani v skladu z Zakonom o dostopnosti spletišč in mobilnih aplikacij in Direktivo EU 2016/2102 Evropskega parlamenta in Sveta. </span></p><p><span style="font-weight: 400;">Pri izdelavi spletnih mest bomo pri izdelavi sledili smernicam WCAG 2.0.</span></p><p><span style="font-weight: 400;">Slednje predstavljajo skupek smernic in standardov, katerih osnovni namen je višja dostopnost vsebin objavljenih na spletu za ranljive skupine. </span></p><p><span style="font-weight: 400;">Ta izjava o dostopnosti se nanaša na spletni mesti </span><span style="color: var( --e-global-color-text );">http://shop.museum-mb.si in </span>https://museum-mb.si/</p><p><span style="font-weight: 400;">Spletna mesta Pokrajinskega muzeja Maribor so v največji možni meri skladna z Zakonom o dostopnosti spletišč in mobilnih aplikacij. </span></p><ol><li style="font-weight: 400;"><span style="font-weight: 400;">Spletna mesta  projektov vam omogočajo: </span></li></ol><ul><li style="font-weight: 400;"><span style="font-weight: 400;">izbiro velikosti vseh pisav na strani s pomočjo ukaza v brkljalniku (Ctrl in znak plus), </span></li><li style="font-weight: 400;"><span style="font-weight: 400;">večina slikovnega materiala je opremljena z alternativnimi opisi</span></li><li style="font-weight: 400;"><span style="font-weight: 400;">spletne povezave so večinoma opisne.</span></li></ul><ol><li style="font-weight: 400;"><span style="font-weight: 400;">Spodaj navedena vsebina ni dostopna zaradi nesorazmernega bremena: </span></li></ol><p><span style="font-weight: 400;">V prihodnje bomo ob uvajanju novih spletnih strani skrbeli, da bomo te v čim večji meri prilagajali tudi ranljivim skupinam in zagotovili  uporabo različnih pisav za ta namen v okviru tehničnih možnosti in sorazmernosti bremena.</span></p><p><span style="font-weight: 400;">Gradiva, objavljena kot priponke, smo večinoma skušali prilagoditi ranljivim skupinam. Prostorsko in projektno dokumentacijo, namenjeno širši javnosti, je v največji meri objavljena v besedilni obliki in preverjena z orodji za dostopnost. </span></p><p><span style="font-weight: 400;">Ponekod manjkajo alternativna besedila k slikam in situacijam ter logotipom, slike pa so večinoma obrazložene v  širšem besedilu. Logotipi projektov še niso opremljeni z zaznamkom.</span></p><p><span style="font-weight: 400;">V bodoče bomo pri izdelavi spletnih strani projektov zahtevali od zunanjih izvajalcev preveritev vseh vsebin z orodji za dostopnost. </span></p><p><span style="font-weight: 400;">Smo pa pri zagotavljanju koristi za uporabnike z različnimi oblikami oviranosti omejeni s projektnim proračunom in vnaprej postavljenimi finančnimi razrezi, ki so se  večinoma časovno določili še pred sprejemom Zakona o dostopnosti spletišč in mobilnih aplikacij.</span></p><p><span style="font-weight: 400;">Prav tako bomo ocenili tehnične možnosti, stroške in koristi prestavitve vse spletnih vsebin projektov na </span><span style="color: var( --e-global-color-text );">http://shop.museum-mb.si in </span>https://museum-mb.si/<span style="font-weight: 400;"> kot alternativen ukrep za izboljšanje dosegljivosti različnim ranljivim skupinam.</span></p><ol><li style="font-weight: 400;"><span style="font-weight: 400;">Vse informacije, ki so dostopne na spletnih straneh shop.museum-mb.si in museum-mb.si </span></li></ol><ul><li style="list-style-type: none;"><ul><li style="font-weight: 400;"><span style="font-weight: 400;">na številki: +386 2 228 35 51 v času uradnih ur,</span></li><li style="font-weight: 400;"><span style="font-weight: 400;">na elektronskem naslovu: shop@museum-mb.si,</span></li><li style="font-weight: 400;"><span style="font-weight: 400;">osebno na sedežu Muzeja v času uradnih ur, dodajamo povezavo na spletno stran:</span></li></ul></li></ul><p><span style="font-weight: 400;">Vaše klice bomo ustrezno preusmerili na pristojne osebe, na vaše elektronske zapise se bomo odzvali v 8 delovnih dneh.</span></p><ol><li style="font-weight: 400;"><span style="font-weight: 400;">Ta izjava je bila pripravljena 14. oktobra 2020. </span></li></ol><p><span style="font-weight: 400;">Uporabljena je bila metoda iz prve alineje točke (a) člena 3(1) Izvedbenega sklepa  Komisije (EU) 2018/1523 – samoocena organa javnega sektorja. </span></p><p><span style="font-weight: 400;">Izjava je bila nazadnje pregledana </span>14. oktobra 2020<span style="font-weight: 400;">. </span></p><ol><li style="font-weight: 400;"><span style="font-weight: 400;">V primeru nezadovoljivih odgovorov na katero koli obvestilo ali zahtevo, poslano v skladu z 8. členom Zakona o dostopnosti spletišč in mobilnih aplikacij, lahko oddate prijavo na Upravo Republike Slovenije za informacijsko varnost. </span></li></ol><ol><li style="font-weight: 400;"><span style="font-weight: 400;">Izvršilni organ za morebitne postopke je:</span></li></ol><p><span style="font-weight: 400;">Ministrstvo za javno upravo</span><span style="font-weight: 400;"><br /></span><span style="font-weight: 400;">Uprava Republike Slovenije za informacijsko varnost</span><span style="font-weight: 400;"><br /></span><span style="font-weight: 400;">Tržaška cesta 21</span><span style="font-weight: 400;"><br /></span><span style="font-weight: 400;">1000 Ljubljana</span><span style="font-weight: 400;"><br /></span><span style="font-weight: 400;">gp.uiv@gov.si</span><span style="font-weight: 400;"><br /></span><span style="font-weight: 400;">www.uiv.gov.si</span></p>								</div>
				</div>
					</div>
		</div>
					</div>
		</section>
				</div>

<p>Izjava o dostopnosti Izjava o dostopnosti Podajamo izjavo Pokrajinskega muzeja Maribor o dostopnosti za uporabo čim širšemu krogu ranljivih skupin, ki obiščete spletna mesta projektov. Pokrajinski muzej Maribor se zavezuje omogočati dostopnost za svoje spletne strani v skladu z Zakonom o dostopnosti spletišč in mobilnih aplikacij in Direktivo EU 2016/2102 Evropskega parlamenta in Sveta.  Pri [&hellip;]</p>
