{"id":807,"date":"2020-09-18T12:18:35","date_gmt":"2020-09-18T10:18:35","guid":{"rendered":"http:\/\/shop.museum-mb.si\/?post_type=product&#038;p=807"},"modified":"2020-10-21T16:26:43","modified_gmt":"2020-10-21T14:26:43","slug":"knjiga-cevljarcek","status":"publish","type":"product","link":"https:\/\/shop.museum-mb.si\/en\/product\/knjiga-cevljarcek\/","title":{"rendered":"The book The Shoemaker"},"content":{"rendered":"<p><span data-sheets-value=\"{&quot;1&quot;:2,&quot;2&quot;:&quot;Poznate zgodbo o \u010devljar\u010dku, ki je Maribor re\u0161il pred Turki? Zgodaj jeseni leta 1532 se je mesto Maribor zna\u0161lo v hudi nevarnosti. Pred obzidjem mesta so se na lepem zna\u0161li Turki, ki so pred tem neuspe\u0161ni sku\u0161ali zavzeti Dunaj. Maribor si je s \u010devljar\u010dkovim juna\u0161tvom utrdil sloves \u010dastivrednega in pokon\u010dnega mesta z obzidjem, ki ga od takrat ni mogla uni\u010diti nikogar\u0161nja vojska. &quot;}\" data-sheets-userformat=\"{&quot;2&quot;:14781,&quot;3&quot;:{&quot;1&quot;:0,&quot;3&quot;:1},&quot;5&quot;:{&quot;1&quot;:[{&quot;1&quot;:2,&quot;2&quot;:0,&quot;5&quot;:{&quot;1&quot;:2,&quot;2&quot;:0}},{&quot;1&quot;:0,&quot;2&quot;:0,&quot;3&quot;:3},{&quot;1&quot;:1,&quot;2&quot;:0,&quot;4&quot;:1}]},&quot;6&quot;:{&quot;1&quot;:[{&quot;1&quot;:2,&quot;2&quot;:0,&quot;5&quot;:{&quot;1&quot;:2,&quot;2&quot;:0}},{&quot;1&quot;:0,&quot;2&quot;:0,&quot;3&quot;:3},{&quot;1&quot;:1,&quot;2&quot;:0,&quot;4&quot;:1}]},&quot;7&quot;:{&quot;1&quot;:[{&quot;1&quot;:2,&quot;2&quot;:0,&quot;5&quot;:{&quot;1&quot;:2,&quot;2&quot;:0}},{&quot;1&quot;:0,&quot;2&quot;:0,&quot;3&quot;:3},{&quot;1&quot;:1,&quot;2&quot;:0,&quot;4&quot;:1}]},&quot;8&quot;:{&quot;1&quot;:[{&quot;1&quot;:2,&quot;2&quot;:0,&quot;5&quot;:{&quot;1&quot;:2,&quot;2&quot;:0}},{&quot;1&quot;:0,&quot;2&quot;:0,&quot;3&quot;:3},{&quot;1&quot;:1,&quot;2&quot;:0,&quot;4&quot;:1}]},&quot;10&quot;:1,&quot;11&quot;:4,&quot;14&quot;:{&quot;1&quot;:2,&quot;2&quot;:0},&quot;15&quot;:&quot;Calibri&quot;,&quot;16&quot;:11}\">Poznate zgodbo o \u010devljar\u010dku, ki je Maribor re\u0161il pred Turki? Zgodaj jeseni leta 1532 se je mesto Maribor zna\u0161lo v hudi nevarnosti. Pred obzidjem mesta so se na lepem zna\u0161li Turki, ki so pred tem neuspe\u0161ni sku\u0161ali zavzeti Dunaj. Maribor si je s \u010devljar\u010dkovim juna\u0161tvom utrdil sloves \u010dastivrednega in pokon\u010dnega mesta z obzidjem, ki ga od takrat ni mogla uni\u010diti nikogar\u0161nja vojska. <\/span><\/p>\n","protected":false},"excerpt":{"rendered":"<p>Poznate zgodbo o \u010devljar\u010dku, ki je Maribor re\u0161il pred Turki? Zgodaj jeseni leta 1532 se je mesto Maribor zna\u0161lo v hudi nevarnosti. Pred obzidjem mesta so se na lepem zna\u0161li Turki, ki so pred tem neuspe\u0161ni sku\u0161ali zavzeti Dunaj. Maribor si je s \u010devljar\u010dkovim juna\u0161tvom utrdil sloves \u010dastivrednega in pokon\u010dnega mesta z obzidjem, ki ga [&hellip;]<\/p>\n","protected":false},"featured_media":1353,"template":"","meta":[],"product_brand":[],"product_cat":[60,41],"product_tag":[103],"class_list":{"0":"post-807","1":"product","2":"type-product","3":"status-publish","4":"has-post-thumbnail","6":"product_cat-otroska-knjige","7":"product_cat-moj-srcek","8":"product_tag-otroska","9":"wpbf-post","12":"instock","13":"taxable","14":"shipping-taxable","15":"purchasable","16":"product-type-simple"},"_links":{"self":[{"href":"https:\/\/shop.museum-mb.si\/en\/wp-json\/wp\/v2\/product\/807","targetHints":{"allow":["GET"]}}],"collection":[{"href":"https:\/\/shop.museum-mb.si\/en\/wp-json\/wp\/v2\/product"}],"about":[{"href":"https:\/\/shop.museum-mb.si\/en\/wp-json\/wp\/v2\/types\/product"}],"wp:featuredmedia":[{"embeddable":true,"href":"https:\/\/shop.museum-mb.si\/en\/wp-json\/wp\/v2\/media\/1353"}],"wp:attachment":[{"href":"https:\/\/shop.museum-mb.si\/en\/wp-json\/wp\/v2\/media?parent=807"}],"wp:term":[{"taxonomy":"product_brand","embeddable":true,"href":"https:\/\/shop.museum-mb.si\/en\/wp-json\/wp\/v2\/product_brand?post=807"},{"taxonomy":"product_cat","embeddable":true,"href":"https:\/\/shop.museum-mb.si\/en\/wp-json\/wp\/v2\/product_cat?post=807"},{"taxonomy":"product_tag","embeddable":true,"href":"https:\/\/shop.museum-mb.si\/en\/wp-json\/wp\/v2\/product_tag?post=807"}],"curies":[{"name":"wp","href":"https:\/\/api.w.org\/{rel}","templated":true}]}}

<p><span data-sheets-value="{&quot;1&quot;:2,&quot;2&quot;:&quot;Poznate zgodbo o čevljarčku, ki je Maribor rešil pred Turki? Zgodaj jeseni leta 1532 se je mesto Maribor znašlo v hudi nevarnosti. Pred obzidjem mesta so se na lepem znašli Turki, ki so pred tem neuspešni skušali zavzeti Dunaj. Maribor si je s čevljarčkovim junaštvom utrdil sloves častivrednega in pokončnega mesta z obzidjem, ki ga od takrat ni mogla uničiti nikogaršnja vojska. &quot;}" data-sheets-userformat="{&quot;2&quot;:14781,&quot;3&quot;:{&quot;1&quot;:0,&quot;3&quot;:1},&quot;5&quot;:{&quot;1&quot;:[{&quot;1&quot;:2,&quot;2&quot;:0,&quot;5&quot;:{&quot;1&quot;:2,&quot;2&quot;:0}},{&quot;1&quot;:0,&quot;2&quot;:0,&quot;3&quot;:3},{&quot;1&quot;:1,&quot;2&quot;:0,&quot;4&quot;:1}]},&quot;6&quot;:{&quot;1&quot;:[{&quot;1&quot;:2,&quot;2&quot;:0,&quot;5&quot;:{&quot;1&quot;:2,&quot;2&quot;:0}},{&quot;1&quot;:0,&quot;2&quot;:0,&quot;3&quot;:3},{&quot;1&quot;:1,&quot;2&quot;:0,&quot;4&quot;:1}]},&quot;7&quot;:{&quot;1&quot;:[{&quot;1&quot;:2,&quot;2&quot;:0,&quot;5&quot;:{&quot;1&quot;:2,&quot;2&quot;:0}},{&quot;1&quot;:0,&quot;2&quot;:0,&quot;3&quot;:3},{&quot;1&quot;:1,&quot;2&quot;:0,&quot;4&quot;:1}]},&quot;8&quot;:{&quot;1&quot;:[{&quot;1&quot;:2,&quot;2&quot;:0,&quot;5&quot;:{&quot;1&quot;:2,&quot;2&quot;:0}},{&quot;1&quot;:0,&quot;2&quot;:0,&quot;3&quot;:3},{&quot;1&quot;:1,&quot;2&quot;:0,&quot;4&quot;:1}]},&quot;10&quot;:1,&quot;11&quot;:4,&quot;14&quot;:{&quot;1&quot;:2,&quot;2&quot;:0},&quot;15&quot;:&quot;Calibri&quot;,&quot;16&quot;:11}">Poznate zgodbo o čevljarčku, ki je Maribor rešil pred Turki? Zgodaj jeseni leta 1532 se je mesto Maribor znašlo v hudi nevarnosti. Pred obzidjem mesta so se na lepem znašli Turki, ki so pred tem neuspešni skušali zavzeti Dunaj. Maribor si je s čevljarčkovim junaštvom utrdil sloves častivrednega in pokončnega mesta z obzidjem, ki ga od takrat ni mogla uničiti nikogaršnja vojska. </span></p>

<p>Poznate zgodbo o čevljarčku, ki je Maribor rešil pred Turki? Zgodaj jeseni leta 1532 se je mesto Maribor znašlo v hudi nevarnosti. Pred obzidjem mesta so se na lepem znašli Turki, ki so pred tem neuspešni skušali zavzeti Dunaj. Maribor si je s čevljarčkovim junaštvom utrdil sloves častivrednega in pokončnega mesta z obzidjem, ki ga [&hellip;]</p>
